. Calculate the remainder when w is divided by ((-57)/(-9))/((-1)/b).
17
Suppose 3*y + 0*v = 3*v + 84, -2*y - 3*v = -81. Suppose 5*z + y = 173. What is the remainder when z is divided by 15?
13
Let o(j) = -3*j**2 - 3*j**2 + 0*j + 9 - 6*j + j**3. Suppose 8 = 3*d + 5*k - 8, 3*k = -3. Calculate the remainder when 46 is divided by o(d).
14
Suppose f = -p + 7, 0 = -f + 3*f - p - 11. Let h = -137 - -148. What is the remainder when h is divided by f?
5
Suppose 18 = -7*w + 9*w. What is the remainder when 15 is divided by w?
6
Calculate the remainder when 1236/(-8)*-2*3/3 is divided by 26.
23
Let g(x) = 10*x - 10. Calculate the remainder when 89 is divided by g(4).
29
Let j = -7 - -12. Suppose -22 = -2*d + r + 19, 0 = -d + j*r + 7. Calculate the remainder when d is divided by 6.
4
Let i = 22 - 9. Let c(m) = -m**3 - 5*m**2 - m - 5. Let l be c(-6). Suppose 0*z + z = l. What is the remainder when z is divided by i?
11
Let t = -5 - -6. Suppose 3*a - 25 = -t. Calculate the remainder when ((-4)/8)/(1/(-28)) is divided by a.
6
Let j = -105 - -188. What is the remainder when j is divided by 12?
11
Suppose 5*a + 4*s - 91 = 6*s, -8 = -4*s. Suppose 2*z + 3 = a. Let o(x) = 7*x + 1. What is the remainder when o(2) is divided by z?
7
Suppose -4 + 1 = -g. Let z(w) = w**2 - 4*w + 5. Calculate the remainder when z(4) is divided by g.
2
Suppose 3*i - 205 = -43. Calculate the remainder when i is divided by 19.
16
Suppose -2 = p - 3. What is the remainder when ((-230)/(-40))/(p/8) is divided by 12?
10
Suppose 2*v - 4*b = -2*b + 48, -40 = -3*v - 5*b. What is the remainder when 58 is divided by v?
18
Let v be ((-10)/(-3))/(2/27). What is the remainder when 34 is divided by (v/12 - 3)*16?
10
Let c = 14 + 10. What is the remainder when 69 is divided by c?
21
Suppose -5*o = 2*d, -4*o - 3*d + 7 = -0*d. Calculate the remainder when (o - -3)*(1 + 48) is divided by 17.
15
Let m(d) = d - 3. Let f be m(2). Suppose 4*z + 4*h = 36, -2*h + 4 + 4 = z. Calculate the remainder when z is divided by (6/f)/(-3) - -4.
4
Let i(y) be the first derivative of y**3/3 + y**2/2 + 7*y - 10. Calculate the remainder when i(-6) is divided by 8.
5
Suppose -110 = -0*u - 2*u. Suppose -4*q - q = -u. Calculate the remainder when q is divided by 7.
4
Suppose 2*j = -0*j + 50. What is the remainder when (-32)/10*(-14 - 1) is divided by j?
23
Suppose 0 = p + 5*q - 29, 4*q - 16 = 3*p - 2*p. Suppose -25 = -5*f, -p*i + 113 = -0*f + f. What is the remainder when i is divided by 14?
13
Suppose w - 2 = 1. Suppose -2 = -w*i + 2*n + 11, i + n = 1. Calculate the remainder when 10 is divided by i.
1
Let t = 19 - 2. Suppose -3*v - v + 2*m + 116 = 0, -2*v + 3*m = -66. Suppose -c - 2*c = -v. What is the remainder when t is divided by c?
8
What is the remainder when 98 is divided by (11 - -1)*(-11)/33 + 14?
8
Suppose c - 2 = -6. Let x be 51/2 + (-2)/c. Let m = x + -9. Calculate the remainder when m is divided by 9.
8
Let g = 43 + -22. What is the remainder when g is divided by 9 + 2 + (-3 - 0)?
5
Suppose -3*h + 3*c = 27, 0*h = -2*h - 2*c - 18. Let u = -5 - h. What is the remainder when 7 is divided by u?
3
Suppose -3*z - z + 104 = 0. Let t = 4 + -10. Let r(v) = -v + 8. What is the remainder when z is divided by r(t)?
12
Suppose -4*j = -4*z + 516, z - j + 371 = 4*z. What is the remainder when z is divided by 14?
13
Let u(v) = -v**3 + 3*v**2 + 2*v + 1. Let n(k) = 3*k**2 - 6*k - 8. Let r be n(6). Suppose 2*x + 0*x - r = 0. Calculate the remainder when x is divided by u(-2).
15
What is the remainder when 5/15*0 - -44 is divided by 9?
8
Suppose 16 = c + c. Suppose 30 = 5*f - 2*r - 107, 54 = 2*f - r. What is the remainder when f is divided by c?
5
Suppose -21 + 70 = 7*i. Suppose 0*r - 35 = -5*r. Suppose 4*b + 68 = r*l - 3*l, -4*l - 2*b + 44 = 0. Calculate the remainder when l is divided by i.
6
Let a = -5 + 6. Let h = -1 + a. Suppose 48 = 2*d + 5*i - 10, h = d - 4*i - 16. What is the remainder when d is divided by 13?
11
Suppose q + 4*q = 85. Calculate the remainder when 114 is divided by q.
12
Suppose 113 + 88 = 3*p. Suppose 2*d = 2*y - 35 - 17, 2*y - 5*d - p = 0. What is the remainder when 61 is divided by y?
19
Let q = 8 + -7. Calculate the remainder when 6 is divided by q - -2 - 1/1.
0
Let m be (-3 + 173)/(4/2). Suppose -4*w = -0*w - 4*s - 92, 0 = -5*w - s + m. Let t(c) = c**2 - 4*c - 2. What is the remainder when w is divided by t(6)?
8
Let s be (-14)/63 + (-2)/(-9). Let t be s + -1 - (-2 - 4). Suppose t*z - 97 = -2. Calculate the remainder when 56 is divided by z.
18
Let i be 2/(-6)*(-1 - 2). What is the remainder when 47 is divided by (112/(-7))/(i*-1)?
15
Let h(c) = -12*c - 26. Calculate the remainder when h(-9) is divided by 28.
26
Suppose -s + 0 + 81 = 0. Calculate the remainder when s is divided by ((-147)/7)/(-1 - 0).
18
Suppose x + 12*t = 9*t + 32, -108 = -5*x - 2*t. What is the remainder when 33 is divided by x?
13
Let p(l) = 3*l**3 - 2*l**2 - 4*l + 4. Suppose 0 = -5*d - 4*t + 31, 7 = d - 0*t + t. Calculate the remainder when p(d) is divided by 19.
17
What is the remainder when 2 + 24/(-15) + 790/25 is divided by 19?
13
Suppose 5 = k - 0, 4*k = -4*l + 48. Suppose -5*h + 3*h = 2*x - 68, 4*h - 168 = 4*x. Suppose 0 = -b - b + h. Calculate the remainder when b is divided by l.
5
Let b = -3 + 5. Suppose -3*h + b*h = -11. What is the remainder when 32 is divided by h?
10
Calculate the remainder when (164/16)/((-2)/(-8)) is divided by 15.
11
Let q(i) = 4*i + 6. What is the remainder when 24 is divided by q(2)?
10
Suppose -t = 4*o - 9, 4*t - 3 - 20 = -3*o. Let m = 9 - t. What is the remainder when m is divided by 3?
1
Let i = 59 - 42. Calculate the remainder when 83 is divided by i.
15
Suppose 0 = u + p - 7 - 2, 4*p - 22 = -2*u. Let x(n) = -18*n**3 + 2*n**2 + n. What is the remainder when x(-1) is divided by u?
5
Let r(i) = 10*i + 2. Calculate the remainder when 86 is divided by r(2).
20
Let n(j) = -j**3 - 9*j**2 - 9*j + 7. What is the remainder when n(-8) is divided by 9?
6
Let n(b) = -b**3 + 4*b**2 + 4*b + 2. Suppose -1 - 3 = -k - s, 0 = -3*k + 3*s + 18. Calculate the remainder when n(-2) is divided by k.
3
Suppose -5*b + 283 = -42. Calculate the remainder when b is divided by 17.
14
Let v(c) = c**3 - 5*c**2 - 5*c. Suppose 5*f - r - 39 = f, -4*f - 2*r + 54 = 0. Calculate the remainder when f is divided by v(6).
5
Let y = -58 + 83. What is the remainder when 48 is divided by y?
23
Let r(f) = -2*f**2 + 2 + 2*f**2 + 2*f**2 - 2*f. Suppose 3*q - 4*q = -2*p - 8, -p + 31 = 2*q. Calculate the remainder when r(-3) is divided by q.
12
Let a = -122 - -193. What is the remainder when a is divided by 19?
14
Suppose 58 = 3*q + 4*w, 2*q - 4*w = 6 + 6. Calculate the remainder when 27 is divided by q.
13
Suppose -u = -5*h - 5*u + 30, 3*u - 9 = 3*h. Suppose -3*a = -4*o + 130, 0 = h*a + a - 6. What is the remainder when o is divided by 12?
10
Let h = -5 + 5. Suppose -12 = 3*t, 12 = 5*f - t - 2. Suppose -k + 3*g + 7 = h, 5*g = f*k - 5 - 8. What is the remainder when 10 is divided by k?
2
Let s = 17 + -7. Let q = 58 - 27. Calculate the remainder when q is divided by s + (2 - (0 - -1)).
9
Suppose 46 - 10 = 3*n. Suppose 3*u = -60 + n. Let b = 46 + u. Calculate the remainder when b is divided by 16.
14
Suppose p + 5 = -0*p. Let o = 11 + p. What is the remainder when 11 is divided by o?
5
Let w(a) = a + 5. What is the remainder when w(16) is divided by 11?
10
Suppose 5*g = 2*a + 1, -a - 3*g = -18 - 9. Suppose -3*k + 13 = 4*u, u - k = -0*k + a. Suppose 35 = u*p - 2*p. Calculate the remainder when 19 is divided by p.
5
Let l = 14 + -8. Let k = l - 4. Suppose 3*j + 0*g = k*g + 46, -g - 5 = 0. Calculate the remainder when 34 is divided by j.
10
Let d(n) = n**3 + 4*n**2 + n. Let y(u) = -u**2 + u + 1. Let z be y(-1). Let r = 3 - z. Calculate the remainder when d(-3) is divided by r.
2
Calculate the remainder when 2/11 + (-652)/(-44) is divided by 6.
3
Let v = -5 + 12. What is the remainder when v is divided by 5?
2
Let n(z) = z**3 - 3*z**2 + 5. Calculate the remainder when n(4) is divided by 6.
3
Suppose 7*i - 8 = 3*i. Suppose -p + 2*l + 31 = -i*l, 0 = -4*l - 16. What is the remainder when p is divided by 6?
3
Let s(c) be the third derivative of 0 - 5/24*c**4 + 0*c - 2/3*c**3 - 2*c**2. What is the remainder when s(-7) is divided by 11?
9
Suppose -5*